der when 323 is divided by 12.
11
Calculate the remainder when 587 is divided by 192.
11
Calculate the remainder when 295 is divided by 14.
1
What is the remainder when 3979 is divided by 23?
0
Calculate the remainder when 9274 is divided by 8.
2
What is the remainder when 96 is divided by 27?
15
Calculate the remainder when 25 is divided by 10.
5
Calculate the remainder when 328 is divided by 45.
13
What is the remainder when 94 is divided by 46?
2
What is the remainder when 282 is divided by 48?
42
What is the remainder when 93 is divided by 32?
29
Calculate the remainder when 709 is divided by 31.
27
Calculate the remainder when 444 is divided by 422.
22
What is the remainder when 63 is divided by 21?
0
What is the remainder when 2099 is divided by 28?
27
Calculate the remainder when 212 is divided by 197.
15
What is the remainder when 76 is divided by 57?
19
Calculate the remainder when 138 is divided by 28.
26
Calculate the remainder when 368 is divided by 12.
8
What is the remainder when 29 is divided by 13?
3
Calculate the remainder when 1011 is divided by 39.
36
What is the remainder when 212 is divided by 43?
40
Calculate the remainder when 574 is divided by 63.
7
Calculate the remainder when 1021 is divided by 128.
125
Calculate the remainder when 1130 is divided by 70.
10
What is the remainder when 212 is divided by 40?
12
What is the remainder when 258 is divided by 249?
9
What is the remainder when 251 is divided by 15?
11
Calculate the remainder when 643 is divided by 54.
49
Calculate the remainder when 873 is divided by 20.
13
What is the remainder when 71 is divided by 5?
1
What is the remainder when 233 is divided by 74?
11
Calculate the remainder when 140 is divided by 3.
2
Calculate the remainder when 761 is divided by 252.
5
Calculate the remainder when 783 is divided by 378.
27
Calculate the remainder when 90 is divided by 14.
6
Calculate the remainder when 13464 is divided by 37.
33
Calculate the remainder when 11437 is divided by 80.
77
Calculate the remainder when 564 is divided by 38.
32
What is the remainder when 4757 is divided by 70?
67
Calculate the remainder when 196 is divided by 99.
97
What is the remainder when 394 is divided by 19?
14
Calculate the remainder when 231 is divided by 126.
105
Calculate the remainder when 1172 is divided by 8.
4
Calculate the remainder when 445 is divided by 28.
25
What is the remainder when 4805 is divided by 185?
180
What is the remainder when 501 is divided by 471?
30
What is the remainder when 567 is divided by 194?
179
What is the remainder when 775 is divided by 231?
82
Calculate the remainder when 208 is divided by 71.
66
What is the remainder when 143 is divided by 31?
19
Calculate the remainder when 461 is divided by 87.
26
Calculate the remainder when 1103 is divided by 9.
5
What is the remainder when 2051 is divided by 36?
35
Calculate the remainder when 364 is divided by 33.
1
What is the remainder when 7256 is divided by 269?
262
Calculate the remainder when 851 is divided by 31.
14
What is the remainder when 1695 is divided by 561?
12
Calculate the remainder when 161 is divided by 9.
8
What is the remainder when 268 is divided by 93?
82
What is the remainder when 47 is divided by 45?
2
What is the remainder when 1522 is divided by 12?
10
Calculate the remainder when 3179 is divided by 15.
14
Calculate the remainder when 1798 is divided by 164.
158
What is the remainder when 186 is divided by 57?
15
What is the remainder when 497 is divided by 16?
1
Calculate the remainder when 1400 is divided by 32.
24
Calculate the remainder when 93 is divided by 12.
9
Calculate the remainder when 447 is divided by 180.
87
Calculate the remainder when 576 is divided by 59.
45
Calculate the remainder when 701 is divided by 22.
19
What is the remainder when 59 is divided by 12?
11
What is the remainder when 1189 is divided by 240?
229
What is the remainder when 76 is divided by 11?
10
What is the remainder when 548 is divided by 61?
60
What is the remainder when 88 is divided by 22?
0
Calculate the remainder when 606 is divided by 5.
1
Calculate the remainder when 475 is divided by 470.
5
Calculate the remainder when 1214 is divided by 38.
36
What is the remainder when 2001 is divided by 228?
177
Calculate the remainder when 85 is divided by 10.
5
Calculate the remainder when 6845 is divided by 21.
20
Calculate the remainder when 7683 is divided by 17.
16
What is the remainder when 8442 is divided by 2812?
6
Calculate the remainder when 5654 is divided by 65.
64
What is the remainder when 1178 is divided by 10?
8
What is the remainder when 416 is divided by 30?
26
What is the remainder when 79 is divided by 21?
16
Calculate the remainder when 1353 is divided by 425.
78
What is the remainder when 94 is divided by 28?
10
Calculate the remainder when 14678 is divided by 29.
4
Calculate the remainder when 220 is divided by 58.
46
What is the remainder when 277 is divided by 88?
13
What is the remainder when 626 is divided by 129?
110
Calculate the remainder when 165 is divided by 30.
15
Calculate the remainder when 124 is divided by 16.
12
What is the remainder when 92 is divided by 13?
1
What is the remainder when 263 is divided by 67?
62
What is the remainder when 100 is divided by 24?
4
What is the remainder when 335 is divided by 16?
15
What is the remainder when 49 is divided by 10?
9
Calculate the remainder when 3389 is divided by 97.
91
What is the remainder when 260 is divided by 9?
8
What is the remainder when 63 is divided by 6?
3
What is the remainder when 359 is divided by 26?
21
What is the remainder when 255 is divided by 32?
31
What is the remainder when 39 is divided by 2?
1
What is the remainder when 441 is divided by 30?
21
What is the remainder when 397 is divided by 95?
17
What is the remainder when 8082 is divided by 147?
144
What is the remainder when 41351 is divided by 46?
43
What is the remainder when 3724 is divided by 233?
229
What is the remainder when 1041 is divided by 1024?
17
What is the remainder when 112 is divided by 30?
22
Calculate the remainder when 4478 is divided by 28.
26
Calculate the remainder when 181 is divided by 4.
1
Calculate the remainder when 80 is divided by 30.
20
What is the remainder when 253 is divided by 5?
3
Calculate the remainder when 98 is divided by 2.
0
Calculate the remainder when 112 is divided by 49.
14
Calculate the remainder when 3081 is divided by 58.
7
Calculate the remainder when 632 is divided by 106.
102
What is the remainder when 577 is divided by 131?
53
Calculate the remainder when 201 is divided by 47.
13
What is the remainder when 16 is divided by 10?
6
Calculate the remainder when 3694 is divided by 28.
26
What is the remainder when 558 is divided by 20?
18
What is the remainder when 331 is divided by 37?
35
What is the remainder when 590 is divided by 54?
50
Calculate the remainder when 1831 is divided by 260.
11
Calculate the remainder when 1718 is divided by 6.
2
What is the remainder when 1034 is divided by 172?
2
What is the remainder when 459 is divided by 56?
11
What is the remainder when 80 is divided by 29?
22
What is the remainder when 75 is divided by 27?
21
What is the remainder when 1391 is divided by 17?
14
What is the remainder when 5961 is divided by 373?
366
What is the remainder when 689 is divided by 30?
29
What is the remainder when 1918 is divided by 192?
190
Calculate the remainder when 7436 is divided by 60.
56
What is the remainder when 77 is divided by 10?
7
Calculate the remainder when 674 is divided by 21.
2
Calculate the remainder when 1107 is divided by 401.
305
Calculate the remainder when 62 is divided by 11.
7
Calculate the remainder when 824 is divided by 11.
10
What is the remainder when 1714 is divided by 33?
31
Calculate the remainder when 55 is divided by 21.
13
What is the remainder when 182 is divided by 81?
20
What is the remainder when 2456 is divided by 408?
8
Calculate the remainder when 2225 is divided by 33.
14
Calculate the remainder when 24 is divided by 5.
4
What is the remainder when 18 is divided by 13?
5
What is the remainder when 54 is divided by 16?
6
What is the remainder when 141 is divided by 125?
16
Calculate the remainder when 942 is divided by 128.
